0. Let g(k) = 24*k**3 + 1. What is the remainder when g(1) is divided by r?
12
Let d(h) = 65*h - 1. What is the remainder when d(1) is divided by 22?
20
Suppose 23 = 3*x - 79. What is the remainder when 67 is divided by x?
33
Let d(x) = 2*x**3 - 2*x**2 - 5*x + 11. What is the remainder when 53 is divided by d(2)?
8
Let o = -5 + -6. Let f = -7 - o. Calculate the remainder when 11 is divided by f.
3
Suppose 2*o - 58 = 4*d, 0 = -4*d + d. What is the remainder when o is divided by 10?
9
Let w = -22 + 42. Let n = -21 + 29. Let c = n - -3. What is the remainder when w is divided by c?
9
Let q = 5 + -1. Suppose 2*y + 0*u + q*u - 20 = 0, -5*y + 58 = 2*u. Let c(a) = 3*a - 5. Calculate the remainder when y is divided by c(4).
5
Let z(f) = f**2 - 9*f + 2. Let c be z(8). Let k(b) = b**2 + 2*b - 6. Calculate the remainder when k(c) is divided by ((-20)/(-6))/((-1)/(-3)).
8
Suppose 9*g - 7*g = 100. What is the remainder when g is divided by 13?
11
Suppose -10*c = -107 - 13. Let r(x) = -9*x - 8. Calculate the remainder when r(-6) is divided by c.
10
Suppose -b = 4*r - 11 - 5, -4*b + 3*r = -140. What is the remainder when b is divided by 12?
8
Suppose n = -5*w + 8, -61 = 5*n - 2*w - 182. Let k = -16 + n. What is the remainder when 27 is divided by k?
6
Suppose -4*w = 267 - 7. Let j = w - -146. What is the remainder when j is divided by 21?
18
Suppose 27 = m + c, m - 51 = -m - c. What is the remainder when 43 is divided by m?
19
Suppose -2*t = -14 - 0. Let p(l) = l + 7. Let q(s) = -s**2 - 7*s - 1. Let r be q(-6). What is the remainder when p(r) is divided by t?
5
Let u = 124 + -106. What is the remainder when u is divided by 2?
0
Suppose -2*h - 8 = 4*m, 2 = 3*h - 4*h. Let y(i) = -3*i - 1. Let v = 35 + -33. What is the remainder when y(m) is divided by v?
0
Let i = 8 + -6. What is the remainder when 162/10 + i/(-10) is divided by 6?
4
Let i(x) = -131*x**3 - 2*x**2 + 1. What is the remainder when i(-1) is divided by 33?
31
Calculate the remainder when (-3)/(((-78)/40)/13) is divided by (24/(-2))/(-2) + 1.
6
Let r = 8 + -5. Suppose 28 = -r*o + 5*o. Calculate the remainder when 53 is divided by o.
11
Let f = 113 + -93. What is the remainder when 57 is divided by f?
17
Suppose -3*w + 6 = -9. What is the remainder when w is divided by (-3)/(-15)*(7 - 0 - 2)?
0
Let w(t) = 11*t + 3. Calculate the remainder when w(5) is divided by 20.
18
Let p = -3 - -13. Let m(o) = -o**3 + 12*o**2 + 14*o + 5. Let x(y) = 2*y**2 + 8*y + 3. Let g be x(-5). Calculate the remainder when m(g) is divided by p.
8
Let p = -6 + 16. Suppose -2*w = -2, 3*a + 3*w = 2*a + 21. What is the remainder when a is divided by p?
8
Let n = 5 - -17. Calculate the remainder when n is divided by (2*-3)/(6/(-8)).
6
Let x(p) = -p - 4. Let g be x(-3). Calculate the remainder when 21 is divided by (-30)/(-2) + (-4 - g).
9
Let u(a) = 22*a**3 + 3*a - 2. Suppose 4*b - 6*b + 80 = -2*g, -2*g = -3*b + 125. Calculate the remainder when b is divided by u(1).
22
Let c = -74 - -82. What is the remainder when 15 is divided by c?
7
Suppose 9*g - 20 = 4*g. Suppose 3*z + 36 = g*k, -4*k + 3*z = 2*z - 36. Let p = 57 + -31. Calculate the remainder when p is divided by k.
8
Calculate the remainder when (-1776)/(-60) + 2/5 is divided by 11.
8
Let n = 168 - 100. Calculate the remainder when n is divided by 36.
32
What is the remainder when (0 - -6)*((-4)/24 - -2) is divided by 8?
3
Let l(a) = 2*a - 2. Let s = -10 - -15. Calculate the remainder when 13 is divided by l(s).
5
Let k be 3*8/(-1 + 3). Let f = -6 + k. Calculate the remainder when 17 is divided by f.
5
Let n be 16/2*(-3)/(-3). Suppose 4 = 2*y - n. Suppose 18 = 3*s - 2*i, -3*i + y = 2*s - 6. Calculate the remainder when 10 is divided by s.
4
Let g = -17 - -94. Let o(m) = -4*m - 4. What is the remainder when g is divided by o(-6)?
17
Calculate the remainder when 100 is divided by 1020/(-24)*8/(-10).
32
Suppose -b - 48 = 4*j, 2*j - 12 = 3*b - 36. Let p be (-214)/9 - (-4)/(-18). Let u = j - p. Calculate the remainder when 22 is divided by u.
10
Suppose -2*n = -6 - 4. Suppose -5*h + 324 - 44 = 0. Suppose -n*d - 4*q = -74, 3*d - h = -d - 4*q. Calculate the remainder when d is divided by 10.
8
Let t(a) = -8*a - 1. Calculate the remainder when t(-5) is divided by 6.
3
Suppose 0*m + 1325 = 25*m. Calculate the remainder when m is divided by 22/(-2)*(-2 - -1).
9
Let f(z) = 7*z**2 + z. Let j(u) = -u + 5. Let v be j(6). Suppose 5*r + 2 - 22 = 0. What is the remainder when f(v) is divided by r?
2
Suppose -94*p + 88*p = -168. Calculate the remainder when p is divided by 6.
4
What is the remainder when 69 is divided by 0*4/(-16) - -18?
15
Suppose 2*b + 3*b - 3*d - 86 = 0, -3*b = 2*d - 44. Suppose 94 = 3*m + b. What is the remainder when m is divided by 14?
12
Let o(f) = -f - 1. Let d be o(-1). What is the remainder when 32 + 6 + (d - -1) is divided by 10?
9
Suppose -9 - 11 = 2*x - 4*t, x - 4*t + 16 = 0. Calculate the remainder when (-248)/(-4)*(-2)/x is divided by 11.
9
Let n(s) = -s**3 - 5*s**2 + 3*s + 9. Let o be n(-6). Suppose -p - 4 = -8. Suppose -o = w - p*w. Calculate the remainder when 16 is divided by w.
7
Let q = 44 + -2. What is the remainder when q is divided by 9?
6
Suppose 0 = y - 5*l + 11, -l + 3 - 32 = 5*y. Let c = 7 - 0. What is the remainder when c is divided by -2*(-1)/(-3)*y?
3
Let k = -224 - -326. Calculate the remainder when k is divided by 35.
32
Let z = 41 + -22. Suppose -10 = -c - 0*c. What is the remainder when z is divided by c?
9
Suppose -1 = 5*c - 11. Suppose -9 + 161 = c*h. Calculate the remainder when h is divided by 26.
24
Let y be (41*-5)/((-3)/3). Calculate the remainder when (39/2)/(6/8) is divided by y/15 - 2/(-6).
12
Suppose 5*u - 230 = -5*b, -4*u - 3*b = u - 222. Calculate the remainder when 80 is divided by u.
38
Let z = -4 - -47. Calculate the remainder when 170 is divided by z.
41
Suppose 30 = 2*v - 3*v. Let u = 43 + v. What is the remainder when u is divided by 7?
6
Suppose 0*d = 4*i + d - 316, -5*i + 3*d + 378 = 0. Suppose -3*f - i = -2*x + f, 78 = 2*x + f. Calculate the remainder when x is divided by 10.
9
Suppose 24 = 3*v - 18. Let n = 14 - 10. Calculate the remainder when v is divided by n.
2
Let d = 9 + -3. Suppose 2*g + d = 24. Let z = -34 - -39. Calculate the remainder when g is divided by z.
4
Let t(c) = -c - 7. Suppose 3*w = -0 + 3. Let h(b) = -b. Let a(q) = w*t(q) - 3*h(q). Calculate the remainder when 14 is divided by a(6).
4
Suppose c = 5*a - 3*a + 24, 96 = 5*c + 2*a. Let f(p) = -p**3 - p**2 + 3*p - 2. Let m be f(-3). Let l = m - -4. Calculate the remainder when c is divided by l.
9
Let z(v) be the second derivative of 7*v**5/20 - v**2 - v. Calculate the remainder when z(2) is divided by (2 - 0)*(4 + 3).
12
Let f(a) = a**2 - 3*a. What is the remainder when 7 is divided by f(4)?
3
Let h = 24 + -9. Let i(a) be the first derivative of -9*a**2/2 - 5*a - 1. What is the remainder when i(-7) is divided by h?
13
Let k(z) = 4*z - 2. What is the remainder when k(1) is divided by 2?
0
Let w(n) = -n**2 + 9*n - 10. Let q be w(7). Suppose b - f = -1, -2*b - 6 = -0*b - q*f. Suppose -d + 14 - b = 0. Calculate the remainder when 37 is divided by d.
11
Suppose 9 = i - 4. Calculate the remainder when 51 is divided by i.
12
Let z(m) = -3*m + 2. Calculate the remainder when 69 is divided by z(-4).
13
Let t(v) = v + 12. Let m be 4*1/(4/(-5)). Calculate the remainder when t(m) is divided by (2 - -10)*2/6.
3
Let h(t) = t**2 - 4*t - 1. Let x be h(5). Suppose m + 2*y = 0, x*m - 10 = y + 8. Calculate the remainder when 10 is divided by m.
2
Suppose 0 = 7*l - 8*l + 12. What is the remainder when 22 is divided by l?
10
Let q(w) = -5 - 3*w + 1 + 2*w + 0*w + 9*w**2 + w**3. What is the remainder when 9 is divided by q(-9)?
4
Suppose 8 = -2*w - 4. Let t = -45 - -11. Let r = w - t. What is the remainder when r is divided by 10?
8
Let u(b) = -b + 4. Let p be u(0). Suppose -l + p = -3. What is the remainder when 13 is divided by l?
6
Suppose -6*p + 22 = 2*r - 9*p, 60 = 5*r - 5*p. Calculate the remainder when r is divided by 6.
2
Suppose 6*y - 24 = 4*y. Calculate the remainder when 23 is divided by y.
11
Let j be 2*(-9)/(-2) + -3. Suppose 0 = -5*f - j - 4, -3*l - 4*f + 22 = 0. Calculate the remainder when 19 is divided by l.
9
Suppose 0 = a - 6*a. Suppose 4*p - 140 = -a